{"id":16,"date":"2018-06-13T09:24:43","date_gmt":"2018-06-13T09:24:43","guid":{"rendered":"http:\/\/wellexpo.select-themes.com\/?page_id=16"},"modified":"2024-10-18T10:37:14","modified_gmt":"2024-10-18T15:37:14","slug":"conference-home","status":"publish","type":"page","link":"https:\/\/escuela.convoca.pe\/cipe\/","title":{"rendered":"home"},"content":{"rendered":"\n<figure class=\"wp-block-image size-large\"><img loading=\"lazy\" decoding=\"async\" width=\"850\" height=\"1024\" src=\"https:\/\/escuela.convoca.pe\/cipe\/wp-content\/uploads\/2024\/10\/CIPE-VERTICAL-850x1024.jpeg\" alt=\"\" class=\"wp-image-4972\" srcset=\"https:\/\/escuela.convoca.pe\/cipe\/wp-content\/uploads\/2024\/10\/CIPE-VERTICAL-850x1024.jpeg 850w, https:\/\/escuela.convoca.pe\/cipe\/wp-content\/uploads\/2024\/10\/CIPE-VERTICAL-249x300.jpeg 249w, https:\/\/escuela.convoca.pe\/cipe\/wp-content\/uploads\/2024\/10\/CIPE-VERTICAL-768x925.jpeg 768w, https:\/\/escuela.convoca.pe\/cipe\/wp-content\/uploads\/2024\/10\/CIPE-VERTICAL-1275x1536.jpeg 1275w, https:\/\/escuela.convoca.pe\/cipe\/wp-content\/uploads\/2024\/10\/CIPE-VERTICAL.jpeg 1328w\" sizes=\"(max-width: 850px) 100vw, 850px\" \/><\/figure>\n","protected":false},"excerpt":{"rendered":"","protected":false},"author":3,"featured_media":4971,"parent":0,"menu_order":0,"comment_status":"closed","ping_status":"closed","template":"","meta":{"footnotes":""},"class_list":["post-16","page","type-page","status-publish","has-post-thumbnail","hentry"],"yoast_head":"<!-- This site is optimized with the Yoast SEO plugin v23.6 - https:\/\/yoast.com\/wordpress\/plugins\/seo\/ -->\n<title>I Congreso Internacional de Periodismo de Investigaci\u00f3n sobre Industrias Extractivas - CIPE<\/title>\n<meta name=\"description\" content=\"\u00danete al congreso internacional que pondr\u00e1 bajo la lupa los tent\u00e1culos de la corrupci\u00f3n\" \/>\n<meta name=\"robots\" content=\"index, follow, max-snippet:-1, max-image-preview:large, max-video-preview:-1\" \/>\n<link rel=\"canonical\" href=\"https:\/\/escuela.convoca.pe\/cipe\/\" \/>\n<meta property=\"og:locale\" content=\"es_ES\" \/>\n<meta property=\"og:type\" content=\"article\" \/>\n<meta property=\"og:title\" content=\"I Congreso Internacional de Periodismo de Investigaci\u00f3n sobre Industrias Extractivas - CIPE\" \/>\n<meta property=\"og:description\" content=\"El congreso internacional se desarrollar\u00e1 de manera presencial en Lima, Per\u00fa, del 29 al 30 de noviembre.\" \/>\n<meta property=\"og:url\" content=\"https:\/\/escuela.convoca.pe\/cipe\/\" \/>\n<meta property=\"og:site_name\" content=\"I Congreso Internacional de Periodismo de Investigaci\u00f3n sobre Industrias Extractivas - CIPE\" \/>\n<meta property=\"article:publisher\" content=\"https:\/\/www.facebook.com\/EscuelaConvoca\" \/>\n<meta property=\"article:modified_time\" content=\"2024-10-18T15:37:14+00:00\" \/>\n<meta property=\"og:image\" content=\"https:\/\/escuela.convoca.pe\/cipe\/wp-content\/uploads\/2024\/10\/cipe-1.jpeg\" \/>\n\t<meta property=\"og:image:width\" content=\"1200\" \/>\n\t<meta property=\"og:image:height\" content=\"630\" \/>\n\t<meta property=\"og:image:type\" content=\"image\/jpeg\" \/>\n<meta name=\"twitter:card\" content=\"summary_large_image\" \/>\n<meta name=\"twitter:title\" content=\"I Congreso Internacional de Periodismo de Investigaci\u00f3n sobre Industrias Extractivas - CIPE\" \/>\n<meta name=\"twitter:description\" content=\"El congreso internacional se desarrollar\u00e1 de manera presencial en Lima, Per\u00fa, del 29 al 30 de noviembre.\" \/>\n<meta name=\"twitter:image\" content=\"https:\/\/escuela.convoca.pe\/cipe\/wp-content\/uploads\/2024\/10\/cipe-1.jpeg\" \/>\n<meta name=\"twitter:site\" content=\"@EscuelaConvoca\" \/>\n<meta name=\"twitter:label1\" content=\"Est. reading time\" \/>\n\t<meta name=\"twitter:data1\" content=\"1 minuto\" \/>\n<script type=\"application\/ld+json\" class=\"yoast-schema-graph\">{\"@context\":\"https:\/\/schema.org\",\"@graph\":[{\"@type\":\"WebPage\",\"@id\":\"https:\/\/escuela.convoca.pe\/cipe\/\",\"url\":\"https:\/\/escuela.convoca.pe\/cipe\/\",\"name\":\"I Congreso Internacional de Periodismo de Investigaci\u00f3n sobre Industrias Extractivas - CIPE\",\"isPartOf\":{\"@id\":\"https:\/\/escuela.convoca.pe\/cipe\/#website\"},\"primaryImageOfPage\":{\"@id\":\"https:\/\/escuela.convoca.pe\/cipe\/#primaryimage\"},\"image\":{\"@id\":\"https:\/\/escuela.convoca.pe\/cipe\/#primaryimage\"},\"thumbnailUrl\":\"https:\/\/escuela.convoca.pe\/cipe\/wp-content\/uploads\/2024\/10\/CIPE-HORIZONTAL.jpeg\",\"datePublished\":\"2018-06-13T09:24:43+00:00\",\"dateModified\":\"2024-10-18T15:37:14+00:00\",\"description\":\"\u00danete al congreso internacional que pondr\u00e1 bajo la lupa los tent\u00e1culos de la corrupci\u00f3n\",\"inLanguage\":\"es-PE\",\"potentialAction\":[{\"@type\":\"ReadAction\",\"target\":[\"https:\/\/escuela.convoca.pe\/cipe\/\"]}]},{\"@type\":\"ImageObject\",\"inLanguage\":\"es-PE\",\"@id\":\"https:\/\/escuela.convoca.pe\/cipe\/#primaryimage\",\"url\":\"https:\/\/escuela.convoca.pe\/cipe\/wp-content\/uploads\/2024\/10\/CIPE-HORIZONTAL.jpeg\",\"contentUrl\":\"https:\/\/escuela.convoca.pe\/cipe\/wp-content\/uploads\/2024\/10\/CIPE-HORIZONTAL.jpeg\",\"width\":1600,\"height\":686},{\"@type\":\"WebSite\",\"@id\":\"https:\/\/escuela.convoca.pe\/cipe\/#website\",\"url\":\"https:\/\/escuela.convoca.pe\/cipe\/\",\"name\":\"I Congreso Internacional de Periodismo de Investigaci\u00f3n sobre Industrias Extractivas - CIPE\",\"description\":\"El congreso internacional se desarrollar\u00e1 de manera presencial en Lima, Per\u00fa, del 29 al 30 de noviembre.\",\"publisher\":{\"@id\":\"https:\/\/escuela.convoca.pe\/cipe\/#organization\"},\"potentialAction\":[{\"@type\":\"SearchAction\",\"target\":{\"@type\":\"EntryPoint\",\"urlTemplate\":\"https:\/\/escuela.convoca.pe\/cipe\/?s={search_term_string}\"},\"query-input\":{\"@type\":\"PropertyValueSpecification\",\"valueRequired\":true,\"valueName\":\"search_term_string\"}}],\"inLanguage\":\"es-PE\"},{\"@type\":\"Organization\",\"@id\":\"https:\/\/escuela.convoca.pe\/cipe\/#organization\",\"name\":\"III Encuentro Latinoamericano de Periodismo para Investigar la Corrupci\u00f3n y las Redes Criminales\",\"alternateName\":\"ELPIC 2023\",\"url\":\"https:\/\/escuela.convoca.pe\/cipe\/\",\"logo\":{\"@type\":\"ImageObject\",\"inLanguage\":\"es-PE\",\"@id\":\"https:\/\/escuela.convoca.pe\/cipe\/#\/schema\/logo\/image\/\",\"url\":\"https:\/\/escuela.convoca.pe\/periodismo-investigalacorrupcion\/wp-content\/uploads\/2023\/07\/PARA-WEB-FINAL.png\",\"contentUrl\":\"https:\/\/escuela.convoca.pe\/periodismo-investigalacorrupcion\/wp-content\/uploads\/2023\/07\/PARA-WEB-FINAL.png\",\"width\":4061,\"height\":1742,\"caption\":\"III Encuentro Latinoamericano de Periodismo para Investigar la Corrupci\u00f3n y las Redes Criminales\"},\"image\":{\"@id\":\"https:\/\/escuela.convoca.pe\/cipe\/#\/schema\/logo\/image\/\"},\"sameAs\":[\"https:\/\/www.facebook.com\/EscuelaConvoca\",\"https:\/\/x.com\/EscuelaConvoca\"]}]}<\/script>\n<!-- \/ Yoast SEO plugin. -->","yoast_head_json":{"title":"I Congreso Internacional de Periodismo de Investigaci\u00f3n sobre Industrias Extractivas - CIPE","description":"\u00danete al congreso internacional que pondr\u00e1 bajo la lupa los tent\u00e1culos de la corrupci\u00f3n","robots":{"index":"index","follow":"follow","max-snippet":"max-snippet:-1","max-image-preview":"max-image-preview:large","max-video-preview":"max-video-preview:-1"},"canonical":"https:\/\/escuela.convoca.pe\/cipe\/","og_locale":"es_ES","og_type":"article","og_title":"I Congreso Internacional de Periodismo de Investigaci\u00f3n sobre Industrias Extractivas - CIPE","og_description":"El congreso internacional se desarrollar\u00e1 de manera presencial en Lima, Per\u00fa, del 29 al 30 de noviembre.","og_url":"https:\/\/escuela.convoca.pe\/cipe\/","og_site_name":"I Congreso Internacional de Periodismo de Investigaci\u00f3n sobre Industrias Extractivas - CIPE","article_publisher":"https:\/\/www.facebook.com\/EscuelaConvoca","article_modified_time":"2024-10-18T15:37:14+00:00","og_image":[{"width":1200,"height":630,"url":"https:\/\/escuela.convoca.pe\/cipe\/wp-content\/uploads\/2024\/10\/cipe-1.jpeg","type":"image\/jpeg"}],"twitter_card":"summary_large_image","twitter_title":"I Congreso Internacional de Periodismo de Investigaci\u00f3n sobre Industrias Extractivas - CIPE","twitter_description":"El congreso internacional se desarrollar\u00e1 de manera presencial en Lima, Per\u00fa, del 29 al 30 de noviembre.","twitter_image":"https:\/\/escuela.convoca.pe\/cipe\/wp-content\/uploads\/2024\/10\/cipe-1.jpeg","twitter_site":"@EscuelaConvoca","twitter_misc":{"Est. reading time":"1 minuto"},"schema":{"@context":"https:\/\/schema.org","@graph":[{"@type":"WebPage","@id":"https:\/\/escuela.convoca.pe\/cipe\/","url":"https:\/\/escuela.convoca.pe\/cipe\/","name":"I Congreso Internacional de Periodismo de Investigaci\u00f3n sobre Industrias Extractivas - CIPE","isPartOf":{"@id":"https:\/\/escuela.convoca.pe\/cipe\/#website"},"primaryImageOfPage":{"@id":"https:\/\/escuela.convoca.pe\/cipe\/#primaryimage"},"image":{"@id":"https:\/\/escuela.convoca.pe\/cipe\/#primaryimage"},"thumbnailUrl":"https:\/\/escuela.convoca.pe\/cipe\/wp-content\/uploads\/2024\/10\/CIPE-HORIZONTAL.jpeg","datePublished":"2018-06-13T09:24:43+00:00","dateModified":"2024-10-18T15:37:14+00:00","description":"\u00danete al congreso internacional que pondr\u00e1 bajo la lupa los tent\u00e1culos de la corrupci\u00f3n","inLanguage":"es-PE","potentialAction":[{"@type":"ReadAction","target":["https:\/\/escuela.convoca.pe\/cipe\/"]}]},{"@type":"ImageObject","inLanguage":"es-PE","@id":"https:\/\/escuela.convoca.pe\/cipe\/#primaryimage","url":"https:\/\/escuela.convoca.pe\/cipe\/wp-content\/uploads\/2024\/10\/CIPE-HORIZONTAL.jpeg","contentUrl":"https:\/\/escuela.convoca.pe\/cipe\/wp-content\/uploads\/2024\/10\/CIPE-HORIZONTAL.jpeg","width":1600,"height":686},{"@type":"WebSite","@id":"https:\/\/escuela.convoca.pe\/cipe\/#website","url":"https:\/\/escuela.convoca.pe\/cipe\/","name":"I Congreso Internacional de Periodismo de Investigaci\u00f3n sobre Industrias Extractivas - CIPE","description":"El congreso internacional se desarrollar\u00e1 de manera presencial en Lima, Per\u00fa, del 29 al 30 de noviembre.","publisher":{"@id":"https:\/\/escuela.convoca.pe\/cipe\/#organization"},"potentialAction":[{"@type":"SearchAction","target":{"@type":"EntryPoint","urlTemplate":"https:\/\/escuela.convoca.pe\/cipe\/?s={search_term_string}"},"query-input":{"@type":"PropertyValueSpecification","valueRequired":true,"valueName":"search_term_string"}}],"inLanguage":"es-PE"},{"@type":"Organization","@id":"https:\/\/escuela.convoca.pe\/cipe\/#organization","name":"III Encuentro Latinoamericano de Periodismo para Investigar la Corrupci\u00f3n y las Redes Criminales","alternateName":"ELPIC 2023","url":"https:\/\/escuela.convoca.pe\/cipe\/","logo":{"@type":"ImageObject","inLanguage":"es-PE","@id":"https:\/\/escuela.convoca.pe\/cipe\/#\/schema\/logo\/image\/","url":"https:\/\/escuela.convoca.pe\/periodismo-investigalacorrupcion\/wp-content\/uploads\/2023\/07\/PARA-WEB-FINAL.png","contentUrl":"https:\/\/escuela.convoca.pe\/periodismo-investigalacorrupcion\/wp-content\/uploads\/2023\/07\/PARA-WEB-FINAL.png","width":4061,"height":1742,"caption":"III Encuentro Latinoamericano de Periodismo para Investigar la Corrupci\u00f3n y las Redes Criminales"},"image":{"@id":"https:\/\/escuela.convoca.pe\/cipe\/#\/schema\/logo\/image\/"},"sameAs":["https:\/\/www.facebook.com\/EscuelaConvoca","https:\/\/x.com\/EscuelaConvoca"]}]}},"_links":{"self":[{"href":"https:\/\/escuela.convoca.pe\/cipe\/wp-json\/wp\/v2\/pages\/16"}],"collection":[{"href":"https:\/\/escuela.convoca.pe\/cipe\/wp-json\/wp\/v2\/pages"}],"about":[{"href":"https:\/\/escuela.convoca.pe\/cipe\/wp-json\/wp\/v2\/types\/page"}],"author":[{"embeddable":true,"href":"https:\/\/escuela.convoca.pe\/cipe\/wp-json\/wp\/v2\/users\/3"}],"replies":[{"embeddable":true,"href":"https:\/\/escuela.convoca.pe\/cipe\/wp-json\/wp\/v2\/comments?post=16"}],"version-history":[{"count":235,"href":"https:\/\/escuela.convoca.pe\/cipe\/wp-json\/wp\/v2\/pages\/16\/revisions"}],"predecessor-version":[{"id":4974,"href":"https:\/\/escuela.convoca.pe\/cipe\/wp-json\/wp\/v2\/pages\/16\/revisions\/4974"}],"wp:featuredmedia":[{"embeddable":true,"href":"https:\/\/escuela.convoca.pe\/cipe\/wp-json\/wp\/v2\/media\/4971"}],"wp:attachment":[{"href":"https:\/\/escuela.convoca.pe\/cipe\/wp-json\/wp\/v2\/media?parent=16"}],"curies":[{"name":"wp","href":"https:\/\/api.w.org\/{rel}","templated":true}]}}